s the remainder when 270 is divided by 84?
18
What is the remainder when 288 is divided by 117?
54
What is the remainder when 1132 is divided by 367?
31
What is the remainder when 1126 is divided by 219?
31
Calculate the remainder when 4928 is divided by 492.
8
What is the remainder when 136 is divided by 31?
12
What is the remainder when 116 is divided by 21?
11
Calculate the remainder when 91 is divided by 91.
0
Calculate the remainder when 9 is divided by 5.
4
What is the remainder when 152 is divided by 15?
2
What is the remainder when 412 is divided by 6?
4
Calculate the remainder when 195 is divided by 122.
73
What is the remainder when 260 is divided by 27?
17
Calculate the remainder when 71 is divided by 12.
11
Calculate the remainder when 4140 is divided by 118.
10
What is the remainder when 992 is divided by 247?
4
What is the remainder when 727 is divided by 16?
7
What is the remainder when 683 is divided by 44?
23
Calculate the remainder when 135 is divided by 122.
13
Calculate the remainder when 942 is divided by 35.
32
What is the remainder when 480 is divided by 38?
24
Calculate the remainder when 641 is divided by 90.
11
Calculate the remainder when 53 is divided by 28.
25
What is the remainder when 7475 is divided by 21?
20
What is the remainder when 361 is divided by 16?
9
Calculate the remainder when 554 is divided by 275.
4
What is the remainder when 583 is divided by 85?
73
Calculate the remainder when 897 is divided by 29.
27
What is the remainder when 347 is divided by 25?
22
What is the remainder when 189 is divided by 24?
21
What is the remainder when 50 is divided by 12?
2
What is the remainder when 622 is divided by 128?
110
What is the remainder when 118 is divided by 30?
28
Calculate the remainder when 474 is divided by 5.
4
Calculate the remainder when 2998 is divided by 139.
79
What is the remainder when 59 is divided by 23?
13
What is the remainder when 27 is divided by 13?
1
What is the remainder when 457 is divided by 11?
6
What is the remainder when 121 is divided by 60?
1
What is the remainder when 489 is divided by 116?
25
What is the remainder when 264 is divided by 89?
86
What is the remainder when 746 is divided by 329?
88
Calculate the remainder when 1969 is divided by 18.
7
What is the remainder when 5341 is divided by 51?
37
Calculate the remainder when 243 is divided by 5.
3
What is the remainder when 1737 is divided by 30?
27
Calculate the remainder when 125 is divided by 45.
35
Calculate the remainder when 9945 is divided by 203.
201
Calculate the remainder when 388 is divided by 39.
37
What is the remainder when 2667 is divided by 147?
21
What is the remainder when 108 is divided by 95?
13
Calculate the remainder when 56 is divided by 13.
4
Calculate the remainder when 137 is divided by 18.
11
What is the remainder when 473 is divided by 68?
65
Calculate the remainder when 35108 is divided by 88.
84
Calculate the remainder when 5350 is divided by 101.
98
Calculate the remainder when 440 is divided by 110.
0
What is the remainder when 5634 is divided by 49?
48
Calculate the remainder when 8526 is divided by 104.
102
What is the remainder when 23867 is divided by 17?
16
What is the remainder when 987 is divided by 33?
30
Calculate the remainder when 154 is divided by 27.
19
What is the remainder when 258 is divided by 52?
50
What is the remainder when 140 is divided by 133?
7
Calculate the remainder when 261 is divided by 34.
23
What is the remainder when 972 is divided by 65?
62
Calculate the remainder when 4811 is divided by 58.
55
Calculate the remainder when 146 is divided by 82.
64
What is the remainder when 372 is divided by 180?
12
Calculate the remainder when 425 is divided by 10.
5
Calculate the remainder when 6037 is divided by 862.
3
What is the remainder when 2471 is divided by 184?
79
Calculate the remainder when 584 is divided by 42.
38
Calculate the remainder when 16669 is divided by 16.
13
What is the remainder when 675 is divided by 52?
51
What is the remainder when 56 is divided by 43?
13
Calculate the remainder when 456 is divided by 103.
44
What is the remainder when 147 is divided by 38?
33
Calculate the remainder when 7549 is divided by 9.
7
What is the remainder when 581 is divided by 169?
74
What is the remainder when 371 is divided by 187?
184
What is the remainder when 331 is divided by 40?
11
Calculate the remainder when 142 is divided by 44.
10
What is the remainder when 1091 is divided by 147?
62
What is the remainder when 66 is divided by 26?
14
What is the remainder when 1111 is divided by 177?
49
What is the remainder when 63 is divided by 11?
8
What is the remainder when 312 is divided by 60?
12
What is the remainder when 152 is divided by 39?
35
What is the remainder when 9788 is divided by 34?
30
Calculate the remainder when 7688 is divided by 233.
232
Calculate the remainder when 3239 is divided by 120.
119
What is the remainder when 598 is divided by 8?
6
Calculate the remainder when 138 is divided by 10.
8
Calculate the remainder when 1765 is divided by 17.
14
What is the remainder when 274 is divided by 17?
2
What is the remainder when 8127 is divided by 254?
253
What is the remainder when 10259 is divided by 10?
9
Calculate the remainder when 2728 is divided by 195.
193
Calculate the remainder when 245 is divided by 25.
20
What is the remainder when 348 is divided by 79?
32
What is the remainder when 145 is divided by 7?
5
Calculate the remainder when 24 is divided by 9.
6
What is the remainder when 562 is divided by 148?
118
Calculate the remainder when 439 is divided by 147.
145
What is the remainder when 56 is divided by 6?
2
What is the remainder when 1077 is divided by 57?
51
Calculate the remainder when 115 is divided by 59.
56
What is the remainder when 53 is divided by 7?
4
Calculate the remainder when 38 is divided by 12.
2
Calculate the remainder when 234 is divided by 65.
39
Calculate the remainder when 300 is divided by 61.
56
What is the remainder when 259 is divided by 52?
51
What is the remainder when 67 is divided by 1?
0
Calculate the remainder when 11527 is divided by 124.
119
Calculate the remainder when 5903 is divided by 197.
190
Calculate the remainder when 619 is divided by 608.
11
Calculate the remainder when 143 is divided by 52.
39
Calculate the remainder when 22 is divided by 16.
6
Calculate the remainder when 75 is divided by 39.
36
What is the remainder when 269 is divided by 16?
13
What is the remainder when 327 is divided by 15?
12
What is the remainder when 1007 is divided by 502?
3
Calculate the remainder when 151 is divided by 11.
8
What is the remainder when 885 is divided by 12?
9
What is the remainder when 2547 is divided by 52?
51
What is the remainder when 55 is divided by 19?
17
What is the remainder when 460 is divided by 114?
4
What is the remainder when 14464 is divided by 3615?
4
What is the remainder when 97 is divided by 17?
12
Calculate the remainder when 76 is divided by 12.
4
Calculate the remainder when 476 is divided by 78.
8
What is the remainder when 32 is divided by 9?
5
What is the remainder when 278 is divided by 19?
12
What is the remainder when 146 is divided by 49?
48
Calculate the remainder when 511 is divided by 32.
31
What is the remainder when 129 is divided by 57?
15
What is the remainder when 410 is divided by 185?
40
Calculate the remainder when 2298 is divided by 13.
10
What is the remainder when 1140 is divided by 52?
48
Calculate the remainder when 3579 is divided by 28.
23
What is the remainder when 301 is divided by 171?
130
What is the remainder when 1688 is divided by 153?
5
What is the remainder when 299 is divided by 77?
68
Calculate the remainder when 327 is divided by 41.
40
Calculate the remainder when 895 is divided by 53.
47
Calculate the remainder when 5761 is divided by 67.
66
What is the remainder when 2172 is divided by 53?
52
Calculate the remainder when 216 is divided by 31.
30
Calculate the remainder when 39 is divided by 32.
7
What is the remainder when 4385 is divided by 17?
16
Calculate the remainder when 556 is divided by 28.
24
What is the remainder when 1358 is divided by 275?
258
Calculate the remainder when 42 is divided by 12.
6
Calculate the remainder when 82 